{"id":18421,"date":"2021-06-26T10:31:52","date_gmt":"2021-06-26T08:31:52","guid":{"rendered":"https:\/\/funnymissvinyl.com\/blogmissvinyl\/?page_id=18421"},"modified":"2025-07-23T11:58:53","modified_gmt":"2025-07-23T09:58:53","slug":"who-is-miss-vinyl","status":"publish","type":"page","link":"https:\/\/funnymissvinyl.com\/blogmissvinyl\/who-is-miss-vinyl\/","title":{"rendered":"Who is Miss Vinyl"},"content":{"rendered":"\n<p>Miss Vinyl est une passionn\u00e9e de poup\u00e9es depuis l&rsquo;enfance. Premi\u00e8re barbie \u00e0 8 ans avec la \u00ab\u00a0Fun Time\u00a0\u00bb. Puis \u00e9norme r\u00e9v\u00e9lation avec le film Star Wars en 1977. Miss Vinyl voulait \u00eatre un jedi et parcourir la galaxie. <\/p>\n\n\n\n<p>Ce ne fut pas la galaxie mais le monde (Madagascar, Tahiti, Nouvelle Cal\u00e9donie, Australie, etc&#8230;) avec une passion immod\u00e9r\u00e9e pour les Etats-Unis (le pays de Barbie).<\/p>\n\n\n\n<p>Apr\u00e8s une carri\u00e8re dans le monde de l&rsquo;art et du graphisme, la passion des poup\u00e9es est devenue un m\u00e9tier-sacerdoce avec la cr\u00e9ation et la direction de la boutique en ligne Miss Vinyl pendant 16 ans.<\/p>\n\n\n\n<p>Apr\u00e8s la fermeture volontaire de Miss Vinyl, une nouvelle aventure se pr\u00e9sente, plus s\u00e9dentaire, plus rurale enti\u00e8re d\u00e9di\u00e9e \u00e0 la photographie. Et prochainement \u00e0 l&rsquo;\u00e9dition.<\/p>\n\n\n\n<p>Miss Vinyl collectionne principalement les poup\u00e9es Barbie afro-am\u00e9ricaines, les Tonner (Autant en emporte le vent, le Magicien d&rsquo;Oz), les Gene et tout ce qui est inutile et labelis\u00e9 Star Wars.<\/p>\n\n\n\n<div class=\"wp-block-group\"><div class=\"wp-block-group__inner-container is-layout-flow wp-block-group-is-layout-flow\"><div class=\"wp-block-image is-style-rounded\">\n<figure class=\"aligncenter size-large is-resized\"><img loading=\"lazy\" decoding=\"async\" width=\"1024\" height=\"1024\" src=\"https:\/\/funnymissvinyl.com\/blogmissvinyl\/wp-content\/uploads\/2021\/07\/cecile-cv2020-1024x1024.jpg\" alt=\"\" class=\"wp-image-18509\" style=\"width:256px;height:256px\" srcset=\"https:\/\/funnymissvinyl.com\/blogmissvinyl\/wp-content\/uploads\/2021\/07\/cecile-cv2020-1024x1024.jpg 1024w, https:\/\/funnymissvinyl.com\/blogmissvinyl\/wp-content\/uploads\/2021\/07\/cecile-cv2020-100x100.jpg 100w, https:\/\/funnymissvinyl.com\/blogmissvinyl\/wp-content\/uploads\/2021\/07\/cecile-cv2020-1000x1000.jpg 1000w, https:\/\/funnymissvinyl.com\/blogmissvinyl\/wp-content\/uploads\/2021\/07\/cecile-cv2020-400x400.jpg 400w, https:\/\/funnymissvinyl.com\/blogmissvinyl\/wp-content\/uploads\/2021\/07\/cecile-cv2020-768x768.jpg 768w, https:\/\/funnymissvinyl.com\/blogmissvinyl\/wp-content\/uploads\/2021\/07\/cecile-cv2020-300x300.jpg 300w, https:\/\/funnymissvinyl.com\/blogmissvinyl\/wp-content\/uploads\/2021\/07\/cecile-cv2020-75x75.jpg 75w, https:\/\/funnymissvinyl.com\/blogmissvinyl\/wp-content\/uploads\/2021\/07\/cecile-cv2020-120x120.jpg 120w, https:\/\/funnymissvinyl.com\/blogmissvinyl\/wp-content\/uploads\/2021\/07\/cecile-cv2020.jpg 1080w\" sizes=\"auto, (max-width: 1024px) 100vw, 1024px\" \/><figcaption class=\"wp-element-caption\">Miss Vinyl<br>C\u00e9cile Favotti-Bolzer<\/figcaption><\/figure>\n<\/div>\n\n\n<blockquote class=\"wp-block-quote has-text-align-center is-style-large is-layout-flow wp-block-quote-is-layout-flow\">\n<p>Toy freak, photographer, writer, Star Wars fan<\/p>\n<\/blockquote>\n\n\n\n<hr class=\"wp-block-separator has-css-opacity is-style-dots\"\/>\n\n\n\n<p><\/p>\n<\/div><\/div>\n","protected":false},"excerpt":{"rendered":"<p>Miss Vinyl est une passionn\u00e9e de poup\u00e9es depuis l&rsquo;enfance. Premi\u00e8re barbie \u00e0 8 ans avec la \u00ab\u00a0Fun Time\u00a0\u00bb. Puis \u00e9norme r\u00e9v\u00e9lation avec le film Star Wars en 1977. Miss Vinyl voulait \u00eatre un jedi et parcourir la galaxie. Ce ne fut pas la galaxie mais le monde (Madagascar, Tahiti, Nouvelle Cal\u00e9donie, Australie, etc&#8230;) avec une passion immod\u00e9r\u00e9e pour les Etats-Unis (le pays de Barbie). Apr\u00e8s une carri\u00e8re dans le monde de l&rsquo;art et du graphisme, la passion des poup\u00e9es est&#8230;<\/p>\n<p class=\"read-more\"><a class=\"btn btn-default\" href=\"https:\/\/funnymissvinyl.com\/blogmissvinyl\/who-is-miss-vinyl\/\">Lire la suite<span class=\"screen-reader-text\"> Lire la suite<\/span><\/a><\/p>\n","protected":false},"author":1,"featured_media":0,"parent":0,"menu_order":0,"comment_status":"closed","ping_status":"closed","template":"","meta":{"footnotes":""},"class_list":["post-18421","page","type-page","status-publish","hentry"],"yoast_head":"<!-- This site is optimized with the Yoast SEO plugin v27.4 - https:\/\/yoast.com\/product\/yoast-seo-wordpress\/ -->\n<title>Who is Miss Vinyl - MISS VINYL BLOG - Poup\u00e9es de collection<\/title>\n<meta name=\"robots\" content=\"index, follow, max-snippet:-1, max-image-preview:large, max-video-preview:-1\" \/>\n<link rel=\"canonical\" href=\"https:\/\/funnymissvinyl.com\/blogmissvinyl\/who-is-miss-vinyl\/\" \/>\n<meta property=\"og:locale\" content=\"fr_FR\" \/>\n<meta property=\"og:type\" content=\"article\" \/>\n<meta property=\"og:title\" content=\"Who is Miss Vinyl - MISS VINYL BLOG - Poup\u00e9es de collection\" \/>\n<meta property=\"og:description\" content=\"Miss Vinyl est une passionn\u00e9e de poup\u00e9es depuis l&rsquo;enfance. Premi\u00e8re barbie \u00e0 8 ans avec la \u00ab\u00a0Fun Time\u00a0\u00bb. Puis \u00e9norme r\u00e9v\u00e9lation avec le film Star Wars en 1977. Miss Vinyl voulait \u00eatre un jedi et parcourir la galaxie. Ce ne fut pas la galaxie mais le monde (Madagascar, Tahiti, Nouvelle Cal\u00e9donie, Australie, etc&#8230;) avec une passion immod\u00e9r\u00e9e pour les Etats-Unis (le pays de Barbie). Apr\u00e8s une carri\u00e8re dans le monde de l&rsquo;art et du graphisme, la passion des poup\u00e9es est...Lire la suite Lire la suite\" \/>\n<meta property=\"og:url\" content=\"https:\/\/funnymissvinyl.com\/blogmissvinyl\/who-is-miss-vinyl\/\" \/>\n<meta property=\"og:site_name\" content=\"MISS VINYL BLOG - Poup\u00e9es de collection\" \/>\n<meta property=\"article:publisher\" content=\"https:\/\/www.facebook.com\/cecilemissvinyl\" \/>\n<meta property=\"article:modified_time\" content=\"2025-07-23T09:58:53+00:00\" \/>\n<meta property=\"og:image\" content=\"https:\/\/funnymissvinyl.com\/blogmissvinyl\/wp-content\/uploads\/2021\/07\/cecile-cv2020.jpg\" \/>\n\t<meta property=\"og:image:width\" content=\"1080\" \/>\n\t<meta property=\"og:image:height\" content=\"1080\" \/>\n\t<meta property=\"og:image:type\" content=\"image\/jpeg\" \/>\n<meta name=\"twitter:card\" content=\"summary_large_image\" \/>\n<script type=\"application\/ld+json\" class=\"yoast-schema-graph\">{\"@context\":\"https:\\\/\\\/schema.org\",\"@graph\":[{\"@type\":\"Article\",\"@id\":\"https:\\\/\\\/funnymissvinyl.com\\\/blogmissvinyl\\\/who-is-miss-vinyl\\\/#article\",\"isPartOf\":{\"@id\":\"https:\\\/\\\/funnymissvinyl.com\\\/blogmissvinyl\\\/who-is-miss-vinyl\\\/\"},\"author\":{\"name\":\"C\u00e9cile\",\"@id\":\"https:\\\/\\\/funnymissvinyl.com\\\/blogmissvinyl\\\/#\\\/schema\\\/person\\\/d43605ef0d5681c1b27a4ba1fede1cf4\"},\"headline\":\"Who is Miss Vinyl\",\"datePublished\":\"2021-06-26T08:31:52+00:00\",\"dateModified\":\"2025-07-23T09:58:53+00:00\",\"mainEntityOfPage\":{\"@id\":\"https:\\\/\\\/funnymissvinyl.com\\\/blogmissvinyl\\\/who-is-miss-vinyl\\\/\"},\"wordCount\":188,\"publisher\":{\"@id\":\"https:\\\/\\\/funnymissvinyl.com\\\/blogmissvinyl\\\/#organization\"},\"image\":{\"@id\":\"https:\\\/\\\/funnymissvinyl.com\\\/blogmissvinyl\\\/who-is-miss-vinyl\\\/#primaryimage\"},\"thumbnailUrl\":\"https:\\\/\\\/funnymissvinyl.com\\\/blogmissvinyl\\\/wp-content\\\/uploads\\\/2021\\\/07\\\/cecile-cv2020-1024x1024.jpg\",\"inLanguage\":\"fr-FR\"},{\"@type\":\"WebPage\",\"@id\":\"https:\\\/\\\/funnymissvinyl.com\\\/blogmissvinyl\\\/who-is-miss-vinyl\\\/\",\"url\":\"https:\\\/\\\/funnymissvinyl.com\\\/blogmissvinyl\\\/who-is-miss-vinyl\\\/\",\"name\":\"Who is Miss Vinyl - MISS VINYL BLOG - Poup\u00e9es de collection\",\"isPartOf\":{\"@id\":\"https:\\\/\\\/funnymissvinyl.com\\\/blogmissvinyl\\\/#website\"},\"primaryImageOfPage\":{\"@id\":\"https:\\\/\\\/funnymissvinyl.com\\\/blogmissvinyl\\\/who-is-miss-vinyl\\\/#primaryimage\"},\"image\":{\"@id\":\"https:\\\/\\\/funnymissvinyl.com\\\/blogmissvinyl\\\/who-is-miss-vinyl\\\/#primaryimage\"},\"thumbnailUrl\":\"https:\\\/\\\/funnymissvinyl.com\\\/blogmissvinyl\\\/wp-content\\\/uploads\\\/2021\\\/07\\\/cecile-cv2020-1024x1024.jpg\",\"datePublished\":\"2021-06-26T08:31:52+00:00\",\"dateModified\":\"2025-07-23T09:58:53+00:00\",\"breadcrumb\":{\"@id\":\"https:\\\/\\\/funnymissvinyl.com\\\/blogmissvinyl\\\/who-is-miss-vinyl\\\/#breadcrumb\"},\"inLanguage\":\"fr-FR\",\"potentialAction\":[{\"@type\":\"ReadAction\",\"target\":[\"https:\\\/\\\/funnymissvinyl.com\\\/blogmissvinyl\\\/who-is-miss-vinyl\\\/\"]}]},{\"@type\":\"ImageObject\",\"inLanguage\":\"fr-FR\",\"@id\":\"https:\\\/\\\/funnymissvinyl.com\\\/blogmissvinyl\\\/who-is-miss-vinyl\\\/#primaryimage\",\"url\":\"https:\\\/\\\/funnymissvinyl.com\\\/blogmissvinyl\\\/wp-content\\\/uploads\\\/2021\\\/07\\\/cecile-cv2020.jpg\",\"contentUrl\":\"https:\\\/\\\/funnymissvinyl.com\\\/blogmissvinyl\\\/wp-content\\\/uploads\\\/2021\\\/07\\\/cecile-cv2020.jpg\",\"width\":1080,\"height\":1080,\"caption\":\"Miss Vinyl - C\u00e9cile Favotti-Bolzer\"},{\"@type\":\"BreadcrumbList\",\"@id\":\"https:\\\/\\\/funnymissvinyl.com\\\/blogmissvinyl\\\/who-is-miss-vinyl\\\/#breadcrumb\",\"itemListElement\":[{\"@type\":\"ListItem\",\"position\":1,\"name\":\"Accueil\",\"item\":\"https:\\\/\\\/funnymissvinyl.com\\\/blogmissvinyl\\\/\"},{\"@type\":\"ListItem\",\"position\":2,\"name\":\"Who is Miss Vinyl\"}]},{\"@type\":\"WebSite\",\"@id\":\"https:\\\/\\\/funnymissvinyl.com\\\/blogmissvinyl\\\/#website\",\"url\":\"https:\\\/\\\/funnymissvinyl.com\\\/blogmissvinyl\\\/\",\"name\":\"MISS VINYL BLOG - Poup\u00e9es de collection\",\"description\":\"\",\"publisher\":{\"@id\":\"https:\\\/\\\/funnymissvinyl.com\\\/blogmissvinyl\\\/#organization\"},\"potentialAction\":[{\"@type\":\"SearchAction\",\"target\":{\"@type\":\"EntryPoint\",\"urlTemplate\":\"https:\\\/\\\/funnymissvinyl.com\\\/blogmissvinyl\\\/?s={search_term_string}\"},\"query-input\":{\"@type\":\"PropertyValueSpecification\",\"valueRequired\":true,\"valueName\":\"search_term_string\"}}],\"inLanguage\":\"fr-FR\"},{\"@type\":\"Organization\",\"@id\":\"https:\\\/\\\/funnymissvinyl.com\\\/blogmissvinyl\\\/#organization\",\"name\":\"Miss Vinyl\",\"url\":\"https:\\\/\\\/funnymissvinyl.com\\\/blogmissvinyl\\\/\",\"logo\":{\"@type\":\"ImageObject\",\"inLanguage\":\"fr-FR\",\"@id\":\"https:\\\/\\\/funnymissvinyl.com\\\/blogmissvinyl\\\/#\\\/schema\\\/logo\\\/image\\\/\",\"url\":\"https:\\\/\\\/funnymissvinyl.com\\\/blogmissvinyl\\\/wp-content\\\/uploads\\\/2018\\\/07\\\/cropped-MVnewlogoBLOG500.png\",\"contentUrl\":\"https:\\\/\\\/funnymissvinyl.com\\\/blogmissvinyl\\\/wp-content\\\/uploads\\\/2018\\\/07\\\/cropped-MVnewlogoBLOG500.png\",\"width\":500,\"height\":195,\"caption\":\"Miss Vinyl\"},\"image\":{\"@id\":\"https:\\\/\\\/funnymissvinyl.com\\\/blogmissvinyl\\\/#\\\/schema\\\/logo\\\/image\\\/\"},\"sameAs\":[\"https:\\\/\\\/www.facebook.com\\\/cecilemissvinyl\",\"https:\\\/\\\/www.instagram.com\\\/cecile_missvinyl\\\/\"]},{\"@type\":\"Person\",\"@id\":\"https:\\\/\\\/funnymissvinyl.com\\\/blogmissvinyl\\\/#\\\/schema\\\/person\\\/d43605ef0d5681c1b27a4ba1fede1cf4\",\"name\":\"C\u00e9cile\",\"sameAs\":[\"http:\\\/\\\/www.missvinyl.com\"]}]}<\/script>\n<!-- \/ Yoast SEO plugin. -->","yoast_head_json":{"title":"Who is Miss Vinyl - MISS VINYL BLOG - Poup\u00e9es de collection","robots":{"index":"index","follow":"follow","max-snippet":"max-snippet:-1","max-image-preview":"max-image-preview:large","max-video-preview":"max-video-preview:-1"},"canonical":"https:\/\/funnymissvinyl.com\/blogmissvinyl\/who-is-miss-vinyl\/","og_locale":"fr_FR","og_type":"article","og_title":"Who is Miss Vinyl - MISS VINYL BLOG - Poup\u00e9es de collection","og_description":"Miss Vinyl est une passionn\u00e9e de poup\u00e9es depuis l&rsquo;enfance. Premi\u00e8re barbie \u00e0 8 ans avec la \u00ab\u00a0Fun Time\u00a0\u00bb. Puis \u00e9norme r\u00e9v\u00e9lation avec le film Star Wars en 1977. Miss Vinyl voulait \u00eatre un jedi et parcourir la galaxie. Ce ne fut pas la galaxie mais le monde (Madagascar, Tahiti, Nouvelle Cal\u00e9donie, Australie, etc&#8230;) avec une passion immod\u00e9r\u00e9e pour les Etats-Unis (le pays de Barbie). Apr\u00e8s une carri\u00e8re dans le monde de l&rsquo;art et du graphisme, la passion des poup\u00e9es est...Lire la suite Lire la suite","og_url":"https:\/\/funnymissvinyl.com\/blogmissvinyl\/who-is-miss-vinyl\/","og_site_name":"MISS VINYL BLOG - Poup\u00e9es de collection","article_publisher":"https:\/\/www.facebook.com\/cecilemissvinyl","article_modified_time":"2025-07-23T09:58:53+00:00","og_image":[{"width":1080,"height":1080,"url":"https:\/\/funnymissvinyl.com\/blogmissvinyl\/wp-content\/uploads\/2021\/07\/cecile-cv2020.jpg","type":"image\/jpeg"}],"twitter_card":"summary_large_image","schema":{"@context":"https:\/\/schema.org","@graph":[{"@type":"Article","@id":"https:\/\/funnymissvinyl.com\/blogmissvinyl\/who-is-miss-vinyl\/#article","isPartOf":{"@id":"https:\/\/funnymissvinyl.com\/blogmissvinyl\/who-is-miss-vinyl\/"},"author":{"name":"C\u00e9cile","@id":"https:\/\/funnymissvinyl.com\/blogmissvinyl\/#\/schema\/person\/d43605ef0d5681c1b27a4ba1fede1cf4"},"headline":"Who is Miss Vinyl","datePublished":"2021-06-26T08:31:52+00:00","dateModified":"2025-07-23T09:58:53+00:00","mainEntityOfPage":{"@id":"https:\/\/funnymissvinyl.com\/blogmissvinyl\/who-is-miss-vinyl\/"},"wordCount":188,"publisher":{"@id":"https:\/\/funnymissvinyl.com\/blogmissvinyl\/#organization"},"image":{"@id":"https:\/\/funnymissvinyl.com\/blogmissvinyl\/who-is-miss-vinyl\/#primaryimage"},"thumbnailUrl":"https:\/\/funnymissvinyl.com\/blogmissvinyl\/wp-content\/uploads\/2021\/07\/cecile-cv2020-1024x1024.jpg","inLanguage":"fr-FR"},{"@type":"WebPage","@id":"https:\/\/funnymissvinyl.com\/blogmissvinyl\/who-is-miss-vinyl\/","url":"https:\/\/funnymissvinyl.com\/blogmissvinyl\/who-is-miss-vinyl\/","name":"Who is Miss Vinyl - MISS VINYL BLOG - Poup\u00e9es de collection","isPartOf":{"@id":"https:\/\/funnymissvinyl.com\/blogmissvinyl\/#website"},"primaryImageOfPage":{"@id":"https:\/\/funnymissvinyl.com\/blogmissvinyl\/who-is-miss-vinyl\/#primaryimage"},"image":{"@id":"https:\/\/funnymissvinyl.com\/blogmissvinyl\/who-is-miss-vinyl\/#primaryimage"},"thumbnailUrl":"https:\/\/funnymissvinyl.com\/blogmissvinyl\/wp-content\/uploads\/2021\/07\/cecile-cv2020-1024x1024.jpg","datePublished":"2021-06-26T08:31:52+00:00","dateModified":"2025-07-23T09:58:53+00:00","breadcrumb":{"@id":"https:\/\/funnymissvinyl.com\/blogmissvinyl\/who-is-miss-vinyl\/#breadcrumb"},"inLanguage":"fr-FR","potentialAction":[{"@type":"ReadAction","target":["https:\/\/funnymissvinyl.com\/blogmissvinyl\/who-is-miss-vinyl\/"]}]},{"@type":"ImageObject","inLanguage":"fr-FR","@id":"https:\/\/funnymissvinyl.com\/blogmissvinyl\/who-is-miss-vinyl\/#primaryimage","url":"https:\/\/funnymissvinyl.com\/blogmissvinyl\/wp-content\/uploads\/2021\/07\/cecile-cv2020.jpg","contentUrl":"https:\/\/funnymissvinyl.com\/blogmissvinyl\/wp-content\/uploads\/2021\/07\/cecile-cv2020.jpg","width":1080,"height":1080,"caption":"Miss Vinyl - C\u00e9cile Favotti-Bolzer"},{"@type":"BreadcrumbList","@id":"https:\/\/funnymissvinyl.com\/blogmissvinyl\/who-is-miss-vinyl\/#breadcrumb","itemListElement":[{"@type":"ListItem","position":1,"name":"Accueil","item":"https:\/\/funnymissvinyl.com\/blogmissvinyl\/"},{"@type":"ListItem","position":2,"name":"Who is Miss Vinyl"}]},{"@type":"WebSite","@id":"https:\/\/funnymissvinyl.com\/blogmissvinyl\/#website","url":"https:\/\/funnymissvinyl.com\/blogmissvinyl\/","name":"MISS VINYL BLOG - Poup\u00e9es de collection","description":"","publisher":{"@id":"https:\/\/funnymissvinyl.com\/blogmissvinyl\/#organization"},"potentialAction":[{"@type":"SearchAction","target":{"@type":"EntryPoint","urlTemplate":"https:\/\/funnymissvinyl.com\/blogmissvinyl\/?s={search_term_string}"},"query-input":{"@type":"PropertyValueSpecification","valueRequired":true,"valueName":"search_term_string"}}],"inLanguage":"fr-FR"},{"@type":"Organization","@id":"https:\/\/funnymissvinyl.com\/blogmissvinyl\/#organization","name":"Miss Vinyl","url":"https:\/\/funnymissvinyl.com\/blogmissvinyl\/","logo":{"@type":"ImageObject","inLanguage":"fr-FR","@id":"https:\/\/funnymissvinyl.com\/blogmissvinyl\/#\/schema\/logo\/image\/","url":"https:\/\/funnymissvinyl.com\/blogmissvinyl\/wp-content\/uploads\/2018\/07\/cropped-MVnewlogoBLOG500.png","contentUrl":"https:\/\/funnymissvinyl.com\/blogmissvinyl\/wp-content\/uploads\/2018\/07\/cropped-MVnewlogoBLOG500.png","width":500,"height":195,"caption":"Miss Vinyl"},"image":{"@id":"https:\/\/funnymissvinyl.com\/blogmissvinyl\/#\/schema\/logo\/image\/"},"sameAs":["https:\/\/www.facebook.com\/cecilemissvinyl","https:\/\/www.instagram.com\/cecile_missvinyl\/"]},{"@type":"Person","@id":"https:\/\/funnymissvinyl.com\/blogmissvinyl\/#\/schema\/person\/d43605ef0d5681c1b27a4ba1fede1cf4","name":"C\u00e9cile","sameAs":["http:\/\/www.missvinyl.com"]}]}},"_links":{"self":[{"href":"https:\/\/funnymissvinyl.com\/blogmissvinyl\/wp-json\/wp\/v2\/pages\/18421","targetHints":{"allow":["GET"]}}],"collection":[{"href":"https:\/\/funnymissvinyl.com\/blogmissvinyl\/wp-json\/wp\/v2\/pages"}],"about":[{"href":"https:\/\/funnymissvinyl.com\/blogmissvinyl\/wp-json\/wp\/v2\/types\/page"}],"author":[{"embeddable":true,"href":"https:\/\/funnymissvinyl.com\/blogmissvinyl\/wp-json\/wp\/v2\/users\/1"}],"replies":[{"embeddable":true,"href":"https:\/\/funnymissvinyl.com\/blogmissvinyl\/wp-json\/wp\/v2\/comments?post=18421"}],"version-history":[{"count":7,"href":"https:\/\/funnymissvinyl.com\/blogmissvinyl\/wp-json\/wp\/v2\/pages\/18421\/revisions"}],"predecessor-version":[{"id":25602,"href":"https:\/\/funnymissvinyl.com\/blogmissvinyl\/wp-json\/wp\/v2\/pages\/18421\/revisions\/25602"}],"wp:attachment":[{"href":"https:\/\/funnymissvinyl.com\/blogmissvinyl\/wp-json\/wp\/v2\/media?parent=18421"}],"curies":[{"name":"wp","href":"https:\/\/api.w.org\/{rel}","templated":true}]}}